 -2*w = -o*w + 140. What is the tens digit of w?
3
Let q = 47 + -38. What is the units digit of ((-3)/q)/(8/(-2064))?
6
Let b(a) = 4*a**2 + 4*a - 6. Suppose -1 = -5*r - 21. What is the units digit of b(r)?
2
Suppose -2*d = -0*d. Suppose d = -5*a + 4*q + 44, 2*a - 5*q - 21 = -0. Suppose -a = -y + 4. What is the units digit of y?
2
What is the hundreds digit of 54/(-243) - (-10185)/27?
3
Let b(o) = -o**2 - o + 93. Let k be b(0). Suppose 0 = -4*c + 23 + k. Suppose -2*t = m - 61, t - 2*m + m - c = 0. What is the tens digit of t?
3
Let o = -763 + 1091. Suppose h - 80 = -4*k, 0 = 3*h - 4*k - o + 88. What is the units digit of h?
0
Let z = 175 - 96. Suppose 89 = 3*b - 2*u, 3*b + u - z = 5*u. What is the units digit of b?
3
Suppose -i + 0 = -9. What is the tens digit of (-1)/(-3*(i/3)/927)?
0
Let g = 15 + 13. Suppose 11 = 3*y - 4. Suppose i - y*i = -g. What is the units digit of i?
7
Suppose 0 = -23*x + 11*x + 10464. What is the tens digit of x?
7
Suppose -2*z + 3501 = b - 3*z, -b = z - 3499. What is the thousands digit of b?
3
Let q = -456 - -777. Let z be 1/((-639)/q - -2). Suppose 0 = -2*s - 31 + z. What is the tens digit of s?
3
Let l = 0 - -12. Let y = l + -9. Suppose -y*u + 156 = u. What is the tens digit of u?
3
Let j be (-8)/32 - (-23)/(-4). Let t = 1 + j. Let g(m) = m**2 + 4. What is the tens digit of g(t)?
2
Let r = -27 - -20. Let b(w) = -w**3 - 5*w**2 - 9*w + 5. Let o be b(r). Suppose -5*n + 99 + o = 0. What is the tens digit of n?
5
What is the hundreds digit of (-1*(-1)/(-2))/(29/(-275442))?
7
Suppose -2*v - 3*g - 9 = 0, 5*v - 40 = -g + 6*g. Suppose 5*x + 2*i = 290, -v*i + 0*i = 5*x - 285. Suppose -p = -3*p + x. What is the units digit of p?
0
Let l = 21 + -16. Suppose -12 = l*f - 3*d + 54, 5*d + 14 = -2*f. Let g = -9 - f. What is the units digit of g?
3
Suppose 23*x - 20*x = 24. What is the hundreds digit of (-1)/(x/(-12)*(-2)/(-148))?
1
Suppose -o - 3*c + 361 = -405, c - 2290 = -3*o. Suppose -4*u + d = -o, -5*u + 2*d = -0*u - 950. What is the units digit of u?
2
Suppose -2*w + d - 36 + 645 = 0, 594 = 2*w + 2*d. What is the hundreds digit of w?
3
Let z be 10*3*(-5)/(-25). What is the units digit of 259/4 - z/8?
4
Suppose y = -2*j + 528 + 347, 2*j - 5*y = 881. What is the tens digit of j?
3
Let x(i) = -4*i**2 + i**2 + 7 + 3*i**2 - i**3 + 8*i**2 - 5*i. What is the tens digit of x(6)?
4
Let i(y) = y**3 - 9*y**2 + 8*y + 10. Let b be i(9). Suppose -r - 2*q + b = r, 3*r = -2*q + 127. Let n = -7 + r. What is the tens digit of n?
3
Suppose 0 = -42*d + 45*d - 2841. What is the units digit of d?
7
Let q = -32 - -18. Let x be 14/4*(-8)/q. Suppose x*k - 3*r - 27 + 5 = 0, 10 = k - r. What is the units digit of k?
8
Let r be (-6)/(-2) + (-1 - 0). What is the tens digit of (0 - r) + 18 + -2?
1
Suppose -i + 3*o = -9, 3*i - 15 = -3*o - 0. Let t(v) = 42*v**2 - 6 - 4*v + v**3 + 9*v + 41*v**2 - 88*v**2. What is the tens digit of t(i)?
6
Let x = -131 - 31. Let o be 1 + x + -11 + 12. What is the tens digit of o/(-16)*24/10?
2
Let g(q) = -2*q**3 + 5*q**2 + q. Let i be g(-4). Let t = i - 84. What is the hundreds digit of t?
1
Let j(x) = -675*x + 277. What is the units digit of j(-3)?
2
Let b(h) = 2*h**2 - h + 3. Let c be b(3). Suppose 2*y = -3*t + 16, 5*y + 1 = 4*t + c. What is the units digit of (-1*1)/(y/(-50))?
0
Suppose 3*w + 5*i - 1773 = i, -2*w - 5*i + 1175 = 0. Let j = w - 417. What is the tens digit of j?
7
Let y be 7/(-21) + 1/3. Suppose 5*n = 4*o - 4, -2*o + y*o + 2 = n. Let j = 8 - o. What is the units digit of j?
7
Suppose -2*y + 0*y + 3*c = 12, 0 = -3*y + 5*c - 20. Suppose -t = y, t + 3*t = j + 1. What is the units digit of -2 + (-6)/(-3) - j?
1
Suppose 12*z = 4*z + 4704. Suppose -11*r + z = -5*r. What is the tens digit of r?
9
Suppose -4*t + 2071 = 2*y + 393, 4*y = -5*t + 2102. What is the units digit of t?
8
Suppose -3*u + 10*u = 14. Suppose u*p - 6*p - 3*h + 768 = 0, -5*p = 3*h - 963. What is the units digit of p?
5
Suppose 409 = 5*w + 74. What is the tens digit of w?
6
Suppose 2*g + 7*h = 2*h + 16, 2 = -2*g + 4*h. Suppose -g*f + 14 = -139. What is the units digit of f?
1
Let p be (-43 + 45)/(2*(-1)/89). Let g = p - -269. What is the units digit of g?
0
Suppose 3*j + 14 = -31. What is the units digit of (-2 - 40/j)/((-4)/(-18))?
3
What is the units digit of (1139/(-4))/(5*6/(-360))?
7
Suppose c + 3 = l, l + 0 + 2 = -4*c. Suppose l*i + 0*o = -4*o + 16, -4*o + 16 = -i. Suppose i*u + 123 = 3*u. What is the tens digit of u?
4
Let v be (-3 - (-60)/8)/((-4)/(-16)). What is the units digit of 189 + (5 - v/3)?
8
Let w = 1121 - 530. What is the hundreds digit of w?
5
Let m be (2 + (-91)/(-4))*4. Let z(s) = -3*s**3 - 3*s**2 - 4*s + 17. Let f be z(-4). Let u = f - m. What is the units digit of u?
8
Suppose -2*x = 0, -2*x + 38 = -2*y - 282. Let o = 80 + y. What is the units digit of ((-6)/(-4))/((-3)/o)?
0
Let x = 8 - 3. Suppose -4*t + 7 = -x. Suppose -t*r + 20 = r - 2*l, -r + 2*l + 5 = 0. What is the units digit of r?
5
What is the units digit of (1 + -11)*46/(-4)?
5
Let p be (0 - (-4 - -1))*1. Suppose -5*j = -p*j - 28. What is the tens digit of -1*j*12/(-8)?
2
Suppose -7 = -3*q + 2. What is the tens digit of (-5 + 263)*2/q - 3?
6
Let j = 21 + -35. What is the tens digit of (-6)/(-21) - (458/j + -3)?
3
Let c(k) = 206*k + 243. What is the units digit of c(10)?
3
Let k(p) be the third derivative of 0 - 3/2*p**3 + 0*p + 2*p**2 + 1/12*p**4. What is the units digit of k(8)?
7
Suppose 9*z = 4*z + 2*i - 53, 3*i + 36 = -3*z. Let x = -11 - z. Suppose 3*v + 4*b - 89 = 0, -5*v + x*b + 131 = -2*b. What is the tens digit of v?
2
Suppose 0 = j - 4*p + 12, -5*j - p - 3*p - 12 = 0. Let g = j - 2. What is the units digit of (-336)/(-15) - g/(-15)?
2
Suppose 14 = 4*p - 30. Let u = p + -26. Let i = u - -22. What is the units digit of i?
7
Let a(y) = -30*y + 3*y**2 + 2 + 35*y - 3 + 5. What is the units digit of a(-6)?
2
Suppose 4*n + 51 = 5*s, 5*n = s - 24 - 3. Let z = s - 3. Suppose -5*b - 4 = -z*y + 51, 2*y = -b + 45. What is the tens digit of y?
2
Let q(k) = k**3 + 9*k**2 + 7*k + 14. What is the units digit of q(-5)?
9
Let v be (18/(-15))/((-4)/3290). Suppose 3*p + 4*z = v, -2*p + 10*z - 7*z = -675. What is the units digit of p?
3
What is the units digit of (4 - 1)/(249/91549)?
3
Let h be 1582/4 - 11/(-22). Suppose -11*f + 583 = -h. What is the units digit of f?
9
Let b(r) = -121*r + 179. What is the thousands digit of b(-13)?
1
Let u(n) = 3*n**2 + 12*n + 65. What is the hundreds digit of u(13)?
7
Let n(g) = 4*g**3 - 4*g**2 - 14*g. Let b(t) = -4*t**3 + 4*t**2 + 14*t. Let p(h) = -4*b(h) - 3*n(h). What is the units digit of p(4)?
6
Suppose -y + 0 + 5 = 0. Suppose m = -y*h + 28, -4*h + 11 + 21 = 4*m. Suppose 3*w = b - 8, -3*b + h*b + 5*w = 60. What is the units digit of b?
0
Let q(x) = x + 10. Let t be q(-14). Let p = t + 8. Suppose -3*i + p = -2. What is the units digit of i?
2
Let u = 82 - 144. Let c = 46 - u. What is the units digit of c?
8
Let q be (-9)/(-6)*(-8)/(-3). Let t be (-6)/q*8/(-6). Suppose 44 = t*n + 8. What is the tens digit of n?
1
Let a = 172 + -96. What is the units digit of ((-9)/(-12))/(1/a)?
7
Suppose 20*x = 24*x - 1532. What is the tens digit of x?
8
Let c = -114 - -111. What is the hundreds digit of ((-1)/c)/(23/19803)?
2
Let n be (-4)/10 + 48/20. Suppose a + 17 = 2*b, -n = -a + b - 17. Let w = 21 + a. What is the units digit of w?
8
Let l = 5 - 2. Suppose -l*o - 4*r + 20 = 0, -4*r - 14 = -5*o - 2. Suppose -4*v - t = t - 122, v = -o*t + 41. What is the units digit of v?
9
Let p be 34 - 5/((-5)/4). Suppose p + 12 = g. What is the tens digit of g?
5
Let q(d) = -3*d**2 - 2*d - 4. Let h(c) = 7*c**2 + 3*c + 9. Let z(f) = -2*h(f) - 5*q(f). What is the units digit of z(0)?
2
Let a(s) = 8*s - 31*s - 5*s - 5 - 8*s. What is the units digit of a(-3)?
3
Suppose 0 = 14*j - 15*j + 37. Suppose v - j = 56. What is the units digit of v?
3
Let i(q) = q**2 - 5*q + 2. Let f be i(4). Let y be -4*(-4)/16*f. What is the units digit of (5 - 24)*2/y?
9
Suppose -b - 85 = u - 453, 2*b - 4*u = 754. Let p = b + -196. What is the tens digit of p?
7
Suppose -y = 2*s - 3*y - 222, -4*y + 476 = 4*s. Suppose t = 2*j + 130, 0 = t + 4*j - s - 21. What is the hundreds digit of t?
1
Let q = -38 + 24. Let u = q - -29. What is the units digit of u?
5
Let o = -5 - 3. Let j(r) = -3*r + 7. 